i = -366*i - 4352. Let f be (-1)/(((-8)/686)/(-4)). Let t = f + i. What is the hundreds digit of t?
2
Let l(f) = 211*f + 76. Suppose 2*z - 10*c = -13*c, c = -2. What is the hundreds digit of l(z)?
7
Suppose -25*s - 100476 = -448126. What is the thousands digit of s?
3
Suppose -8*g - 60 = -8*g - 5*g. Let d(f) be the first derivative of 8*f**2 + f + 2. What is the units digit of d(g)?
3
Let y(f) = f**3 + 13*f**2 - f - 20. Suppose -3*r = -q - 69, 3*q - 3*r - 117 = -312. Let g be (108/q)/((-2)/(-14)). What is the units digit of y(g)?
6
Suppose -93*i + 97*i = -4, i = 2*n - 8519. What is the tens digit of n?
5
Let b(o) = -2292*o - 423. What is the units digit of b(-7)?
1
Let k(b) = -60*b**3 + 2*b - 1. Let z be k(1). Let f = -4 + 138. Let c = f + z. What is the tens digit of c?
7
Let o = -53 - -52. What is the hundreds digit of (o + 0)/(4/(-892))?
2
Suppose -72 = 4*i + 4*u, i - u + 12 = -0*u. Let o = 344 - i. What is the hundreds digit of o?
3
Let f = 10 + -17. Let s be 8/(-2) - (f - 3). Suppose m - s*m = -425. What is the units digit of m?
5
Let k(o) = o**2 - 17*o + 23. Suppose 0 = -0*u + 5*u - 5, 2*v - 2*u = 28. Let c be k(v). What is the units digit of (17*c + 1)*-1?
8
Let v(o) = -418*o + 18 - 9 + 1 - 69*o. What is the tens digit of v(-1)?
9
Let l(j) = j**2 + 2*j - 2. Let q be 6/((-8)/(-1 + 5)). Let v be q + 6 + (-48)/4. What is the units digit of l(v)?
1
Let s be 68/442 - (-21387)/(-13). Let d = -1130 - s. What is the units digit of d?
5
Let q(l) = -2*l**2 - 16*l + 3. Let i be q(-8). Suppose -o + 14 = -i*o - 2*f, f = -4*o - 34. What is the units digit of (-4 - o) + 8*1?
3
Suppose 55 = -61*a + 60*a. Let u be -13*(-5)/a + 4/22. What is the units digit of 0/(-2) - (234/u + 3)?
1
Suppose 134 - 374 = -5*m. Let t = -62 + m. Let x(c) = -c**2 - 28*c - 13. What is the units digit of x(t)?
3
Let v = 730 - 754. What is the units digit of (1461 - 2)*(v + 25)?
9
Suppose 572*h - 560*h = 294216. What is the ten thousands digit of h?
2
Suppose 0 = 19*x + 122 - 1718. What is the hundreds digit of 384*-7*(-16)/x?
5
Let w = -22 - -209. Let k = w - 149. What is the tens digit of k?
3
Suppose -2*f - 4*p - 10 = 0, 4*f - 3*f + p = -4. Let c be -14*(-4)/(-24)*f. What is the tens digit of -1 - 1 - -16*c?
1
What is the thousands digit of 7673 + (-16)/((-112)/(-105))?
7
Let d be -3 + (-6)/(-10)*5 + -4. What is the units digit of ((-10)/d)/(18/972)?
5
Suppose 0 = 5*u + n - 2184 - 108, -4*u - 2*n = -1830. What is the tens digit of 5/(-5) + 1*u?
5
Let c(w) = 8*w**2 + 237*w + 114. What is the units digit of c(-37)?
7
Let x(u) = -4*u**3 - 3*u - 5. Let h be x(-2). Suppose h*y = -9*y + 61194. What is the hundreds digit of y?
4
Let s be ((-344)/(-32) - 3/(-12)) + -5. Suppose -12 = -4*u, s*u = -5*c + u + 3890. What is the hundreds digit of c?
7
Let o = 1 - 1. Suppose 60 = -23*v + 43*v. Suppose o = v*d - 66 - 3. What is the units digit of d?
3
Let m = -2790 + 5454. Suppose -8*z + m = -2584. What is the hundreds digit of z?
6
Let k(u) = 719*u - 2582. What is the units digit of k(13)?
5
Suppose 3*u + u = 0, -4*k + 3667 = 2*u - 15933. What is the hundreds digit of k?
9
Suppose 0 = -4*s + 5*t + 27902, -15*s + 20*s - 5*t = 34885. What is the hundreds digit of s?
9
Let n be ((-1768)/3*(-9)/6)/1. Let a = n - 380. What is the tens digit of a?
0
Let k be 955/105 - 4/42. Suppose 4*u = u - k. What is the hundreds digit of (5 - 3) + (-321)/u?
1
Suppose 4*x - 8 = 0, 5*x - 1681 + 576 = 5*q. Let a = -185 - q. What is the units digit of a?
4
What is the units digit of ((-323)/(-38) - 9)/(4/(-95064))?
3
Let y(o) = o**3 - 7*o**2 + 3*o - 5. Let j be y(6). What is the units digit of (-7914)/j + (-6)/69?
4
Suppose 2*s - 25 = 59. Let d = s + -43. Let t(h) = -86*h + 4. What is the units digit of t(d)?
0
Let g be (5967/13 - -12) + -1*1. Let s = 69 + g. What is the hundreds digit of s?
5
Let u = 20284 - -10167. What is the units digit of u?
1
Let u be (-60)/9*(-486)/45. Suppose -10080 = -u*p + 66*p. What is the thousands digit of p?
1
Let m be (-3)/(-3)*29 - -3. Suppose -6 = 30*s - m*s. What is the units digit of (7/s + 1)/((-4)/(-72))?
0
Let c(o) = -3*o + 9. Let i be c(2). Let r(g) = -7 + 0*g + 5 + 11*g**2 - i*g + 11. What is the units digit of r(2)?
7
Suppose -n - 22 + 23 = 0, -6265 = -2*i + 5*n. What is the units digit of i?
5
Let c(g) = 9*g + 60. Suppose 51*j + 480 = 45*j. Let q = j + 95. What is the units digit of c(q)?
5
Suppose -2*d = -j + d + 103, 4*d + 289 = 3*j. Let y = -93 + j. What is the units digit of ((-3)/((-18)/(-2)))/(y/162)?
7
Suppose -57*i = 73*i - 520. Let m(k) = k**3 - 7*k**2 + 8*k - 7. Let f be m(7). Suppose f - i = 3*d. What is the tens digit of d?
1
Suppose 0 = -3*m + 107 - 35. Let d = -19 + m. Suppose y = d*y - 76. What is the tens digit of y?
1
What is the units digit of ((-6)/(-2))/(21/(-14)) - (-11684 + 18)?
4
Let r = 35119 - 24814. What is the hundreds digit of r?
3
Let c(o) = -14 + 2*o**2 + 14 - 39*o**3. Let i be c(-1). Suppose -3*w + 5*g = -73, 2*w + 5*g + i = 3*w. What is the tens digit of w?
1
Let k = 3575 - 2189. What is the hundreds digit of k?
3
Suppose 14997 = 2*x + 3951. What is the thousands digit of x?
5
Let m(w) = w - 4. Suppose 0 = -3*v - 2*i + 5 - 8, 0 = -5*v - 5*i. Let x be m(v). What is the tens digit of (-15)/(-35) - 200/x?
2
Let s be 1 + -3*(-20)/(-15) + 4326. Suppose 21*i = 13647 - s. What is the hundreds digit of i?
4
Let r(t) = t**3 - 4*t**2 - 22*t + 4. Let z be r(8). Let f = 23 + z. What is the units digit of f?
7
Let k = 2307 - -7831. What is the tens digit of k?
3
Let x be (-4)/10 - 274/(-10). Let f = -68 + 32. What is the units digit of (f/x)/(1/(-36))?
8
Suppose 6*y = -3*y + 2*y + 162652. What is the thousands digit of y?
3
Let y(a) = 1234*a + 16. Let x be y(2). Suppose 3*o - 1971 = -4*w, 10*w - 3*o - x = 5*w. What is the tens digit of w?
9
Let o = -1042 + 3338. Suppose 6973 = 13*c - o. What is the tens digit of c?
1
Let j(p) = -p**3 + 12*p**2 - 18*p - 8. Let y be j(10). Let o be 1*y*(-7)/21. Let c = o - -103. What is the units digit of c?
9
Let y = -5421 - -9362. What is the tens digit of y?
4
Let r(k) = -30006*k + 416. What is the units digit of r(-1)?
2
Suppose 10*x + 1456 = 12*x. Suppose 0*c - x = -7*c. Let a = c - 11. What is the units digit of a?
3
Suppose -180*o + 88*o = -81*o - 152240. What is the ten thousands digit of o?
1
Suppose 111*s - 106*s - 2919 = t, -5*s + 5*t + 2915 = 0. What is the tens digit of s?
8
Suppose y - 1155 = 1085. Suppose -y = -7*w + 2*w - 3*k, -2*k - 896 = -2*w. What is the tens digit of w?
4
Let w(q) = q**2 + 9*q + 19. Let m be w(-6). Let z be 198 - -9*m/(-3). Let y = z - 93. What is the units digit of y?
2
Let v(f) be the second derivative of -70*f**3/3 - 35*f**2/2 - f + 106. What is the thousands digit of v(-10)?
1
Let z(i) = 4*i**3 - 4*i**2 + i + 3. Let y be z(3). Suppose 168*p = 166*p + 20. Let r = y - p. What is the tens digit of r?
6
Let q(t) = 19342*t + 801. What is the units digit of q(2)?
5
Let y be ((-84)/(-8))/((-12)/(-80)). Let s = -66 + y. Suppose -2*u - 2*c + 32 = -0*c, -54 = -s*u + c. What is the tens digit of u?
1
Let o = 35 - 64. Let f be (-6)/(-36) + o/(-6). Suppose 9 = -f*r + 59. What is the units digit of r?
0
Let d = 2586 - -866. Let f = d + -2094. What is the thousands digit of f?
1
Let b(v) = v**3 - 8*v**2 - 8*v + 2. Let r(t) = -t**2 - 8*t + 18. Let y be r(-9). Let h be b(y). Let g = h + 44. What is the tens digit of g?
5
Suppose -24*p = 27*p + 114*p - 696135. What is the hundreds digit of p?
2
Let s(f) be the first derivative of f**3/3 + 7*f**2 + 41*f - 99. What is the units digit of s(-18)?
3
Suppose 153*i - 4760202 - 8908610 = -3174542. What is the hundreds digit of i?
5
Let p = 896 + 2769. What is the units digit of p?
5
Let j(d) = 10*d**3 - 2*d**2 - 2*d - 8. Let k(r) be the first derivative of -r + 14. Let v(q) = j(q) - 12*k(q). What is the tens digit of v(2)?
7
Let z(h) = 585*h - 7097. What is the tens digit of z(65)?
2
Suppose 6*h = 3*h - 225. Let w(v) = -2*v**2 + 16*v + 154. Let k be w(13). Let y = k - h. What is the tens digit of y?
9
Suppose -3*j + 84 = 4*b + b, -j = -4*b + 74. Suppose 3 = -19*l + b*l. What is the tens digit of 73*(4/(-6))/(l/9)?
4
Suppose -2*k + 4 = 3*u - 38, 2*k + 4*u - 40 = 0. Suppose j - 2*j = -k. What is the tens digit of j?
2
Suppose 2*n + 4*j - 12814 = 0, 1188